
2, 43, 277, 78283
What are the prime factors of 264672092?
2, 2801, 23623
List the prime factors of 4939374071.
1733, 2850187
What are the prime factors of 52271484?
2, 3, 4355957
List the prime factors of 62210703.
3, 20736901
What are the prime factors of 216128002?
2, 19, 61, 93239
List the prime factors of 881083395.
3, 5, 17, 31, 53, 701
List the prime factors of 3047722768.
2, 821, 232013
List the prime factors of 621784334.
2, 37, 8402491
What are the prime factors of 1089990148?
2, 13, 23, 911363
List the prime factors of 230448626.
2, 115224313
List the prime factors of 33355047.
3, 11, 1010759
What are the prime factors of 193499636?
2, 11, 1373, 3203
What are the prime factors of 41025568?
2, 97, 13217
What are the prime factors of 1028278168?
2, 1063, 120917
What are the prime factors of 119415762?
2, 3, 233, 9491
What are the prime factors of 37203799?
3769, 9871
What are the prime factors of 557346765?
3, 5, 37156451
What are the prime factors of 3882083769?
3, 47, 9177503
List the prime factors of 38162604.
2, 3, 233, 13649
What are the prime factors of 7773789?
3, 2591263
What are the prime factors of 1899680262?
2, 3, 23, 83, 7211
List the prime factors of 427543853.
11, 2341, 16603
List the prime factors of 134326743.
3, 44775581
List the prime factors of 60616197.
3, 43, 156631
What are the prime factors of 94121445?
3, 5, 11, 41, 13913
What are the prime factors of 1175139717?
3, 391713239
List the prime factors of 209857.
209857
List the prime factors of 98710767.
3, 157, 69859
What are the prime factors of 87388850?
2, 5, 389, 4493
List the prime factors of 51252003.
3, 11, 449, 1153
What are the prime factors of 415228833?
3, 967, 47711
List the prime factors of 404967418.
2, 4789, 42281
What are the prime factors of 310038312?
2, 3, 12918263
List the prime factors of 9741078.
2, 3, 293, 1847
What are the prime factors of 3895012598?
2, 241, 8080939
List the prime factors of 1310262610.
2, 5, 19, 1069, 6451
List the prime factors of 4919738997.
3, 1639912999
What are the prime factors of 449066581?
73, 6151597
What are the prime factors of 6724387563?
3, 2241462521
What are the prime factors of 54523212?
2, 3, 1093, 4157
List the prime factors of 327061496.
2, 97, 421471
What are the prime factors of 5208734?
2, 53, 49139
List the prime factors of 5138821918.
2, 2569410959
List the prime factors of 1190824789.
7, 11, 17, 59, 907
List the prime factors of 8641951.
23, 401, 937
List the prime factors of 7134322643.
7, 23, 2887, 15349
What are the prime factors of 714098424?
2, 3, 13, 241, 9497
What are the prime factors of 58007213?
11, 17, 71, 257
What are the prime factors of 38766316?
2, 23, 103, 4091
What are the prime factors of 565783715?
5, 7, 17, 367, 2591
What are the prime factors of 212594163?
3, 17, 103, 40471
List the prime factors of 879572766.
2, 3, 73, 27509
What are the prime factors of 33597718?
2, 7, 11, 29, 7523
What are the prime factors of 1075128553?
1075128553
List the prime factors of 53179903.
7, 89, 85361
What are the prime factors of 18631286?
2, 17, 19, 151, 191
What are the prime factors of 62509924?
2, 19, 409, 2011
List the prime factors of 190880110.
2, 5, 19088011
What are the prime factors of 316397272?
2, 19, 2081561
List the prime factors of 23699638.
2, 167, 70957
What are the prime factors of 2695662964?
2, 71, 79, 137, 877
List the prime factors of 4197506975.
5, 17, 101, 97787
What are the prime factors of 408799112?
2, 157, 325477
List the prime factors of 1724893063.
109, 349, 45343
List the prime factors of 191922113.
191922113
List the prime factors of 451193015.
5, 7, 13, 991633
What are the prime factors of 2536869297?
3, 103, 8209933
List the prime factors of 1391188394.
2, 695594197
What are the prime factors of 317855197?
11, 37, 780971
List the prime factors of 178281433.
11, 79, 205157
List the prime factors of 5744270956.
2, 1436067739
What are the prime factors of 259808132?
2, 191, 340063
What are the prime factors of 23792412?
2, 3, 7, 29, 9767
List the prime factors of 1503718010.
2, 5, 150371801
List the prime factors of 62828195.
5, 41, 306479
List the prime factors of 387356329.
307, 1261747
List the prime factors of 123663559.
17, 7274327
What are the prime factors of 53717730?
2, 3, 5, 11, 31, 59, 89
List the prime factors of 1702048018.
2, 11, 1093, 70783
List the prime factors of 4290857194.
2, 13, 8839, 18671
What are the prime factors of 171669981?
3, 7, 1167823
What are the prime factors of 214906243?
211, 1018513
What are the prime factors of 148491256?
2, 18561407
List the prime factors of 20378633.
11, 71, 97, 269
What are the prime factors of 29279379?
3, 9759793
List the prime factors of 1811136336.
2, 3, 37732007
What are the prime factors of 1589453176?
2, 137, 1450231
List the prime factors of 967758274.
2, 7, 19, 1087, 3347
What are the prime factors of 553673294?
2, 1657, 167071
What are the prime factors of 45275904?
2, 3, 43, 457
List the prime factors of 1172661545.
5, 11, 29, 735211
What are the prime factors of 4454226?
2, 3, 7, 23, 29, 53
What are the prime factors of 2346689219?
7, 335241317
List the prime factors of 251634328.
2, 11, 19, 89
List the prime factors of 9184024925.
5, 43, 8543279
What are the prime factors of 198133557?
3, 37, 53, 33679
List the prime factors of 3066982586.
2, 389, 3942137
List the prime factors of 2218819967.
7, 13, 131, 373, 499
What are the prime factors of 45646095?
3, 5, 11, 67, 4129
List the prime factors of 49129099.
17, 2889947
What are the prime factors of 47271103?
11, 331, 12983
List the prime factors of 504579766.
2, 252289883
List the prime factors of 132095065.
5, 421, 62753
What are the prime factors of 2564175737?
29, 88419853
List the prime factors of 506126159.
7, 11, 17, 386651
What are the prime factors of 119385666?
2, 3, 6632537
List the prime factors of 13973705.
5, 337, 8293
What are the prime factors of 305851436?
2, 11, 19, 365851
What are the prime factors of 1841855246?
2, 7, 11, 199, 60101
List the prime factors of 251369853.
3, 7, 1709999
What are the prime factors of 38411663?
38411663
List the prime factors of 154136772.
2, 3, 173, 24749
List the prime factors of 569334479.
7, 23, 383, 1319
What are the prime factors of 15798217?
23, 686879
List the prime factors of 26287939.
26287939
List the prime factors of 33119496.
2, 3, 107, 1433
What are the prime factors of 743414668?
2, 1549, 119983
List the prime factors of 116326684.
2, 71, 149, 2749
List the prime factors of 73411980.
2, 3, 5, 1223533
What are the prime factors of 14256268?
2, 13, 17, 16127
What are the prime factors of 8716534?
2, 37, 61, 1931
What are the prime factors of 3559672930?
2, 5, 11, 487, 66449
What are the prime factors of 814598615?
5, 162919723
What are the prime factors of 1105317395?
5, 7, 13, 2429269
What are the prime factors of 285919663?
11731, 24373
What are the prime factors of 45073553?
7, 113, 56983
List the prime factors of 2195315462.
2, 367, 2990893
What are the prime factors of 1264206874?
2, 7, 41, 2202451
What are the prime factors of 2580067875?
3, 5, 7, 11, 8123
What are the prime factors of 6642907309?
6642907309
List the prime factors of 91196359.
59, 1545701
List the prime factors of 6449862408.
2, 3, 11, 239, 9293
What are the prime factors of 5521444134?
2, 3, 6983, 131783
List the prime factors of 12842757.
3, 61, 149, 157
List the prime factors of 333921120.
2, 3, 5, 13, 59, 907
List the prime factors of 30967938.
2, 3, 439, 3919
What are the prime factors of 50417?
50417
What are the prime factors of 13413746?
2, 71, 94463
List the prime factors of 11270770.
2, 5, 7, 59, 2729
What are the prime factors of 4618655917?
4618655917
What are the prime factors of 28883495?
5, 37, 156127
What are the prime factors of 1722911607?
3, 131, 487111
What are the prime factors of 2076471856?
2, 129779491
What are the prime factors of 8709754385?
5, 1741950877
What are the prime factors of 621486448?
2, 11, 3531173
List the prime factors of 25042612.
2, 7, 367, 2437
List the prime factors of 51848908.
2, 89, 145643
What are the prime factors of 240426071?
61, 3941411
List the prime factors of 32963546.
2, 7, 11, 29, 61
What are the prime factors of 1460394877?
17, 83, 1035007
List the 